
-1
Let i(x) = x**3 - 2*x**2 - x - 2. Suppose -8*j + 3*j = -55. Suppose 4*q - 2*g = 16, -j = -2*q + 3*g + 1. What is i(q)?
4
Let b(k) = -k + 1. Let d = -11 + 35. Let t(f) = -f**3 - 6*f**2 + 3. Let o be t(-6). Suppose -8 = -2*u - i + 8, 2*u - d = -o*i. What is b(u)?
-5
Let b(a) = 3*a - 4*a + 2*a**2 - 3 + 0*a**2 + 4. Let i be b(1). Let q(z) = -z - z + 3*z + 3 - i. Give q(-1).
0
Let b(h) = -2*h**2 + h. Suppose k = m - 7, 3*m = 6*m + 4*k. Suppose -m*r + 2*r - 2 = 0. Determine b(r).
-3
Let i = -5 - -8. Let n be -6*i/(-6) - 7. Let c(m) = -m**2 - 7*m - 5. What is c(n)?
7
Let x(q) be the first derivative of q**3/3 - 2*q**2 - q - 2. Let m be x(3). Let j(h) = -8*h - 8. Let l(w) = 9*w + 9. Let n(d) = 7*j(d) + 6*l(d). Determine n(m).
6
Let j = 15 + -20. Let y(u) = -u - 7. What is y(j)?
-2
Let w = 1 + 0. Let v(i) = i + 3 + w + 1. Suppose -j = 4 + 2. Give v(j).
-1
Let a(y) = 2*y + 11. Let t(d) = 3*d + 22. Let q(r) = 5*a(r) - 3*t(r). Give q(6).
-5
Let k be 102/4 + 6/4. Suppose -x - k = 2*x + 3*v, v - 3 = 2*x. Let g(m) = 3*m - 2. Let l(t) = 4*t - 3. Let s(d) = x*l(d) + 5*g(d). Calculate s(4).
-2
Let u(v) = -v**3 - 8*v**2 - 3*v + 5. Let h(z) = 2*z**3 + 17*z**2 + 5*z - 11. Suppose -5 = 4*f - 25. Let c(o) = f*u(o) + 2*h(o). Determine c(-4).
-9
Let v(m) be the third derivative of -m**8/20160 + m**7/630 - m**6/144 - m**5/15 + 4*m**2. Let a(k) be the third derivative of v(k). Determine a(5).
10
Let f(j) = -j**2 + 4*j + 6. Suppose -4*t = -4*q - 40, 9 + 37 = 5*t - 4*q. Determine f(t).
-6
Let m be ((-56)/70)/(2/(-5)). Let v(p) be the first derivative of -p**2/2 + p + 1. What is v(m)?
-1
Let o be 3*(-10)/(-6)*1. Let x(u) = o*u + 0*u**2 - u - 3 + u**2 - 2*u**2. Determine x(2).
1
Suppose -16 = -5*x - 1. Let i(c) = 0*c**3 + 3*c**2 - 3*c**x + 4*c**3 + c + 5 - 2*c**3. Calculate i(4).
-7
Let c(s) = -4*s + 4. Let g be c(3). Let j be (-9)/(-6)*g/3. Let y(q) be the second derivative of q**3/3 + 3*q**2/2 + q. Calculate y(j).
-5
Let j(s) be the second derivative of -s**7/140 + s**6/360 - s**5/120 + 2*s**3/3 - 6*s. Let u(y) be the second derivative of j(y). Calculate u(1).
-6
Let k(g) = g**3 - g**2 - 2*g + 2. Let l be k(2). Let y(f) be the third derivative of 1/8*f**4 + 0*f**3 + 2*f**2 - 1/20*f**5 + 0*f + 0. Calculate y(l).
-6
Let d(m) = -2*m**2 - 15*m - 7. Let l(o) = 3*o**2 + 22*o + 10. Let z(h) = -7*d(h) - 5*l(h). Suppose -4*n + 6 - 30 = 0. Determine z(n).
-7
Let q(a) = a + 27*a**3 + 6*a**2 - 26*a**3 + a - 5*a - 3. What is q(-3)?
33
Let j(i) = 0*i**2 - 2 + 0*i + 2*i**2 - 2*i - i**2. Determine j(5).
13
Let c(h) = -3 + 4*h**2 - 4*h**2 + h**2 + 3*h - 1. Give c(-5).
6
Let x(z) be the third derivative of -z**6/120 - z**5/12 - z**4/24 - z**3/6 + 8*z**2. Give x(-5).
4
Let b(w) be the second derivative of w**5/20 + w**4/12 - w**3/3 - w**2/2 - w. Let u(h) = h**2 + 23*h - 51. Let v be u(-25). Calculate b(v).
1
Suppose 3*z + t = 2*z, 12 = -z - 5*t. Let g(o) = o**3 - 3*o**2 - 5*o + 3. Determine g(z).
-12
Let q(s) be the second derivative of -s**4/6 - s**3/6 - 3*s. Let n be (-1)/(-2)*4*-1. Calculate q(n).
-6
Let k(x) = 2*x - 3. Let q(f) be the second derivative of f**2/2 + 3*f. Let d(p) = k(p) + 2*q(p). Let n = 2 - 0. Determine d(n).
3
Suppose 405*a = 401*a + 4. Let h(v) = -1 - v + 2 - 4*v. Determine h(a).
-4
Suppose b + 16 = 5*b. Let o be (24/9)/(b/6). Suppose -4*k = -o - 4. Let v(a) = -3*a**2 + 4*a - 2. Calculate v(k).
-6
Suppose -2*d = -5*d. Let l(n) = 65*n + d - 66*n - 1. What is l(1)?
-2
Let w(s) be the first derivative of s**3/3 - 5*s**2/2 + 4*s + 1. Suppose -11 - 1 = 2*a. Let b(k) = k**3 + 6*k**2 - k - 1. Let u be b(a). What is w(u)?
4
Let i(r) = -10847 + 10847 - 20*r. What is i(-1)?
20
Let v be 1/4 + 12/16. Let g(l) = 324*l. Let p(h) = 13*h. Let s(a) = -4*g(a) + 99*p(a). Give s(v).
-9
Let a(f) = -2*f**3 + 5*f**2 + f - 2. Suppose 3*q - 16 = -4. Let x(g) = -3*g**3 + 5*g**2 - 3. Let d(p) = q*a(p) - 3*x(p). Calculate d(-4).
1
Let l(u) = -2*u**3 + 3*u**3 - 9*u**3 - 6 + 7*u**3 + 5*u**2 - u. Give l(5).
-11
Let a = 42 - 30. Let i(g) = g**3 - 12*g**2 - g + 8. Calculate i(a).
-4
Let t(b) = -26 - 2*b + 27 - 7. What is t(-6)?
6
Let u(r) = -r**2 - 6*r + 2. Suppose -4*q + 0*q - 15 = -3*j, 21 = -5*q + 3*j. Give u(q).
2
Let n(l) = -l - 6. Let u(m) = -2*m - 12. Let j(y) = 13*n(y) - 6*u(y). Give j(5).
-11
Suppose 0 + 13 = -p + 3*g, -17 = 2*p - 3*g. Let d(a) = a**3 + 5*a**2 + 3*a. Give d(p).
4
Let h(u) = u**2 - 4*u + 3. Let j be h(4). Let l(z) be the first derivative of -z**2 - 2*z + 2. Determine l(j).
-8
Let c = -13 - -18. Let p(i) = -9*i**3 + 14*i**2 - 23*i + 13. Let s(q) = -4*q**3 + 7*q**2 - 11*q + 6. Let g(o) = 3*p(o) - 7*s(o). Calculate g(c).
-13
Let d(g) = 6*g**3 + 10*g**2 + 5*g - 4. Let x(o) = -5*o**3 - 9*o**2 - 5*o + 3. Let q(p) = -4*d(p) - 5*x(p). Calculate q(-4).
-3
Let b be ((-24)/(-9))/(6/9). Let o(y) = -y + 1. Give o(b).
-3
Let o(z) = -z**3 - 5*z**2 + z + 3. Suppose -2*s = 2*s. Let f be s/2 - (-3)/(-3). Let r be (f - 1)/((-6)/(-15)). Give o(r).
-2
Let p(o) = -o - 12. Let j be p(-15). Suppose 0 = -4*w - 3*g + 6*g - 35, j*g = -5*w - 10. Let q(c) = c**3 + 4*c**2 - 3*c + 5. Give q(w).
-5
Suppose -2*x + 8 = -2. Let c(y) = 4*y**2 + x*y**3 - 1 + y + 1 - 3*y**2. Calculate c(-1).
-5
Suppose 4*x = -2*s + 8, 3*s = 4*x + 4*s - 4. Let z = 3 - x. Let u(g) = -g**2 - 2. Calculate u(z).
-11
Suppose 5*c + 5 = 0, 0*x - 5*x - 3*c + 32 = 0. Let z(v) = v**3 - 6*v**2 - 6*v - 8. Calculate z(x).
-1
Let r(j) = -3*j - 4. Let b(n) = 8*n + 11. Let v(i) = -6*b(i) - 17*r(i). Determine v(3).
11
Suppose -2*i = -0*i - 8. Let v(a) = 3*a**3 - 5*a**2 + 4*a + 7. Let j(s) = -16*s**3 + 25*s**2 - 20*s - 36. Let c(p) = 2*j(p) + 11*v(p). Give c(i).
5
Let v = 16 + -11. Suppose -3*p + 21 = 4*p. Let n(m) = m - p*m - v + 4. Give n(-2).
3
Let s(v) = -5*v - 5*v - 2 - 26 - 3*v. Let j(n) = -n + 11 - n + 5*n - 4. Let k(q) = -9*j(q) - 2*s(q). Determine k(-6).
-1
Let w(k) be the second derivative of 0 + 0*k**2 - 2*k + 1/6*k**3. What is w(1)?
1
Let r(w) = w**2 - 2*w - 1. Let k = 6 + -12. Let d = 6 + k. Let o = 2 - d. Give r(o).
-1
Let v = 10 - 14. Let m be ((-1)/2)/(v/(-8)). Let q(i) = 4*i + 1. Calculate q(m).
-3
Suppose 0 = -4*i + 5*f - 5 - 35, -2*i = 4*f + 46. Let v = 10 + i. Let a(w) = -2*w**2 + 5*w - 8. Let c(l) = -l**2 - 1. Let m(y) = a(y) - 3*c(y). Calculate m(v).
-5
Let a(q) = -2*q**3 - 2*q**2 + 2*q + 1. Let m be (3 + -1)*(-23)/(-2). Suppose 0 = 5*w + 5*d - 4*d + m, -1 = w - d. Let x = w - -2. What is a(x)?
5
Let j(s) = -3*s - 4. Let l = -5 + 3. Let b be l/((-21)/(-9) + -3). Suppose -o = 5*z + b*o + 20, 4*o = 0. Calculate j(z).
8
Let a = 40 + -38. Let w(s) be the first derivative of -3 - 2/3*s**3 + 3/2*s**a + 3*s. What is w(3)?
-6
Let n be -5*2/2*-1. Suppose -n*x - 13 + 88 = 0. Suppose 4*f + 4*j + 20 = 0, 0*j = -4*f + 3*j + x. Let t(i) = -i**3 + 7. Determine t(f).
7
Let h = 11 + -13. Let a(b) = -2*b. Determine a(h).
4
Suppose -2*k - 10 = 2. Let v(c) be the third derivative of -c**6/120 - c**5/10 - c**4/12 - 3*c**3/2 - 3*c**2. Determine v(k).
3
Suppose -p = 2*c + 18, -4*c - 3*p = 18 + 22. Let r be 2/c + 80/35. Let a(f) = -f. Calculate a(r).
-2
Let f(j) = 10*j - 1. Suppose -2*h - 1 = -5. Let g be (h + -3)/(4/4). What is f(g)?
-11
Let c(z) = 3*z**2. Let f(t) = -6*t**2 - 2*t - 2. Let l be f(-2). Let h = l + 21. Give c(h).
3
Let v(i) = 7*i - 11 - 3*i - 5*i - i. Let b(q) = q + 6. Let k(g) = -7*b(g) - 4*v(g). Calculate k(0).
2
Suppose -3*l = 2*l + 35. Let q = -1 - l. Let z(x) = x**2 - 6*x - 5. Calculate z(q).
-5
Let w(z) = z**2 - 10*z + 5. Let r(b) = -b**2 + 10*b - 6. Let p(t) = -5*r(t) - 4*w(t). Give p(9).
1
Let m(b) = -b**2 + 2. Let n be 4*((-7)/(-2))/7. Let f be 1 + -3*n/(-6). Determine m(f).
-2
Let v(b) = 2*b**3 + 3*b**2 + 4*b + 2. Let a(h) = -h**2 - 6*h + 5. Let d = 8 + -4. Suppose 0 = -2*z + d - 18. Let l be a(z). Determine v(l).
-10
Let g(r) = 5 - 4 - 5 + 3*r. Calculate g(4).
8
Let s(v) = -7*v**3 - v + 4. Let z(a) = 7*a**3 + 2*a - 5. Let c(n) = 4*s(n) + 3*z(n). Determine c(-1).
6
Let q(r) be the first derivative of r**2/2 - 20*r - 2. Let l = 34 + -34. Determine q(l).
-20
Let n(h) be the third derivative of -1/2*h**3 + 0*h + 0 - 6*h**2 - 1/12*h**4. Let f(y) = -y**3 - 3*y**2 + 5*y - 1. Let z be f(-4). What is n(z)?
7
Let o(p) be the first derivative of 2*p + 2 - 2*p**2 + 1/3*p**3. Give o(5).
7
Suppose 5*u - 20 = 3*a - 7, 0 = -5*u - 3